isor of h and i.
11
Suppose 0 = 4*u - 22*u + 90. Suppose 2*n - 420 = -u*r + 167, r = 5*n + 139. Calculate the highest common divisor of 153 and r.
17
Suppose -721 = 6*y + 155. Let i = y + 156. Calculate the highest common factor of i and 2.
2
Let a be (-29)/5*4/(-14)*35. Suppose 29 = -0*p + p. Calculate the highest common factor of p and a.
29
Suppose -2*h = -3*o + 132, 19*o - 16*o + 213 = -3*h. Let f = -23 - h. Suppose -2*u = -40 - 6. What is the greatest common factor of u and f?
23
Suppose i + 9*i - 890 = 0. Suppose -3*a - i = -4*f, -3*a + 62 = 2*f - a. Calculate the greatest common factor of f and 754.
26
Let g(p) = 2*p + 2. Let a be g(2). Let y(i) = i**3 - 5*i**2 - 8*i + 64. Let j be y(5). What is the highest common divisor of a and j?
6
Suppose 2*g - 2243 = -p - 2*p, -4*p + 3*g + 3002 = 0. Let u = p - 450. Calculate the greatest common divisor of 23 and u.
23
Let f(u) = u**2. Let a be f(5). Suppose -250 = 9*t - 385. What is the highest common factor of a and t?
5
Suppose 60 = 4*u - 0*u. Let p(w) = -2*w**2 + 17*w - 13. Let h be p(3). Calculate the greatest common divisor of h and u.
5
Let y be (-2)/13 - 144300/(-2028). Calculate the greatest common divisor of 1207 and y.
71
Suppose 3*t = -f + 56, 3*f - 17 = -3*t + 115. What is the highest common factor of f and 14402?
38
Let g = -461 - -434. Let f be ((-63)/g)/((-7)/(-6)). What is the highest common divisor of 54 and f?
2
Let p(c) = 72 - 68*c + 20*c - 201 + 16*c + 17*c. Let b be p(-9). What is the highest common factor of b and 9?
3
Suppose 5*j - 32*d + 35*d = 4370, -2*j - 2*d + 1752 = 0. What is the highest common divisor of 268 and j?
67
Suppose 0 = 4*x + 3*k - 14, -2*x - 4*k = -7*k - 16. Let m be 782/x + 12/(-30). Calculate the greatest common divisor of m and 12.
12
Let i be 50/8 + (-1)/4. Let p = 131 + -129. Suppose 16 + 46 = 3*v + p*s, -5*v + 82 = -2*s. What is the greatest common divisor of i and v?
6
Let j be (0 + -1)/(5/(-10)). Let f(i) = 2*i**3 - 4*i**2 + 1. Let m(l) = -12*l - 58. Let k be m(-5). Let z be f(k). What is the highest common factor of z and j?
1
Let b be 6/8 + 1*(-228)/(-16). Suppose 2*c + 21 = -0*w + w, -4*c = -w + 27. Calculate the greatest common factor of w and b.
15
Let f be 5355/(-306)*624/(-14). Calculate the highest common divisor of f and 160.
20
Suppose -z - 2892 = -4*j, 0 = j - 9*z + 11*z - 723. Let y = j + -696. What is the highest common factor of 36 and y?
9
Suppose -140*j = -149*j + 180. Suppose -j*v + 28*v = 800. Calculate the highest common factor of 25 and v.
25
Suppose -6 = -79*n + 76*n. Suppose -1 = -n*h + 5, 0 = 3*y - h - 1590. What is the highest common factor of 59 and y?
59
Let j(m) = 13*m**2 - 192*m + 546. Let a be j(3). Suppose -4*l + 4521 = -z, z = 1 + 2. Calculate the greatest common factor of a and l.
87
Let g(x) = 318*x - 4086. Let c be g(20). What is the highest common factor of c and 54?
6
Suppose 2*j - 5*x + 139 = 0, 3*x = -4*j - 488 + 145. Let z = -86 - j. Let a be (-128)/48*27/z. What is the greatest common factor of 198 and a?
18
Let h = -13728 + 14048. What is the greatest common divisor of 1728 and h?
64
Suppose p - 4*b + 2 = 43, -164 = -4*p - 3*b. Suppose 4*m = -p + 189. Let n = m + -33. Calculate the greatest common divisor of 8 and n.
4
Let m(r) = -r**3 - 10*r**2 - r - 6. Let i be m(-10). Suppose -5*h - 4 = -i*h. Let b be h/(-3)*2430/36. What is the greatest common divisor of 10 and b?
10
Let p = -227 + 227. Suppose p = 16*y - 32*y + 240. What is the highest common divisor of 75 and y?
15
Let f = -62 + 122. Let q be (-36)/(-162) - (-6852)/27. Let k = 284 - q. What is the greatest common factor of f and k?
30
Suppose 6*c + 0*c = 8*c - 318. What is the greatest common divisor of 33 and c?
3
Suppose -5*g - 7*u + 13875 = 0, 39*u - 38*u - 2775 = -g. Calculate the greatest common factor of 6 and g.
3
Suppose 88*g - 81*g = 6090. Suppose -g - 430 = -13*u. Calculate the highest common divisor of 40 and u.
20
Let c be (-2 - -1)/(1/(-189)). Suppose 0 = 427*y - 52246 - 66202 + 3158. Calculate the greatest common divisor of y and c.
27
Let y be (0 - 0) + 78/3. Let r = 889 + -891. Let b be 126 + r/2 + (27 - 22). What is the greatest common divisor of b and y?
26
Suppose -2*r + 12 = -6*r + 4*p, 4*p = -r + 22. Suppose 0 = -2*z, -20 = -r*n + 8*z - 6*z. Let h = -29 + 54. Calculate the greatest common divisor of h and n.
5
Suppose 4721 + 5417 = i + 2*g, 5*g - 40546 = -4*i. What is the greatest common factor of 12 and i?
6
Let p = -223 - -227. Suppose h = -3*z + 151, 3*z + p*h - 161 = 8*h. What is the highest common divisor of z and 34?
17
Let u = 3757 + -3721. What is the highest common factor of 60 and u?
12
Suppose -21*y + 2592 = -12*y. Let u(q) = -q**3 - 5*q**2 - 5*q + 7. Let h be u(-5). What is the greatest common divisor of y and h?
32
Let o be 59*1/2*-2. Let r = o + 87. Let c be (-16)/12 - (-79)/(8532/3168). Calculate the highest common divisor of r and c.
28
Let d(f) = 7*f**2 - 16*f - 11. Let x be d(-5). Let v = 310 - x. Calculate the highest common divisor of 88 and v.
22
Suppose 2*k = y - 11, 12 = 2*k + 2*k. Suppose -2329*v + 2326*v - 1601 = -2*m, -2*m = -4*v - 1602. What is the greatest common factor of y and m?
17
Let b = -859 + 1113. Calculate the greatest common factor of b and 889.
127
Suppose -7*g = 885 - 2768 - 623. What is the highest common divisor of 6623 and g?
179
Let f(h) = 31*h + 0*h + 3*h. Let u be f(4). Let q = -23482 + 23499. Calculate the greatest common divisor of u and q.
17
Let y = -59 + 41. Let g = y - -30. Suppose -399*w - 36015 = -126987. What is the greatest common factor of g and w?
12
Suppose 0*i + 117 = 3*i. Let a = 2633 - 1646. Let u = a + -961. What is the highest common divisor of i and u?
13
Let a = 146 + -2. Let m = -94 + a. Suppose 458 = 2*s - 3*d + 453, 15 = s + d. Calculate the highest common divisor of m and s.
10
Let a = 17 - 20. Let r be (-3)/(a*5/10). Suppose 0 = -r*z + 9 + 23. Calculate the highest common divisor of z and 2.
2
Suppose 3*q = 2*p + 33, 5*q + 5 + 6 = -4*p. Let i = -81 + p. Let s = 290 + i. What is the greatest common divisor of s and 25?
25
Let f = 1558 + -245. What is the greatest common factor of 13 and f?
13
Let i = 15945 + 13383. What is the highest common factor of 13 and i?
13
Let o be 60/(-330) + -849*596/(-22). What is the greatest common factor of 750 and o?
250
Suppose -3*l - 6 = -6*l. Suppose 0 = -75*d + 42 + 333. Calculate the highest common divisor of l and d.
1
Let o = 526 + -262. What is the greatest common factor of 1496 and o?
88
Let u(y) = -y**3 + 19*y**2 - 12*y - 251. Let z be u(14). What is the highest common factor of z and 408?
51
Let w = -2659 + 2668. Suppose 4*o = 2*n, 0*o = n + 3*o. Suppose -4*k + 10 + 278 = n. Calculate the greatest common divisor of w and k.
9
Suppose -2*x = -x - 17. Let s(c) = 2*c**3 - 36*c**2 + 37*c + 13. Let f be s(x). Calculate the greatest common divisor of f and 12.
4
Suppose -d - 330 = -4*v, 0 = v + 83*d - 79*d - 57. What is the greatest common factor of 7479 and v?
27
Let i(b) = 3 - 2 - 5 + 58*b. Let n be i(2). What is the greatest common divisor of 32 and n?
16
Suppose 624*z - 11956 = -1348. Let q(u) = -62*u**3 - u**2 - 2*u - 3. Let s be q(-2). Calculate the greatest common divisor of z and s.
17
Let d = 219 - 36. Let y = d + -173. What is the highest common divisor of 2 and y?
2
Let b(p) = 5*p - 91. Let x = 92 - 63. Let d be b(x). Calculate the greatest common factor of d and 135.
27
Suppose -4*k + 49 = 3*q, k + 3*q - 3 + 2 = 0. Let z = k + -40. Let s = z + 53. Calculate the greatest common divisor of 232 and s.
29
Let b = -4244 + 4299. Let w = -102 - -147. Calculate the greatest common factor of w and b.
5
Suppose -7*m - 119 = 35. Let g = m - -40. Let b be (0 - 3)/(g/(-138)). Calculate the greatest common divisor of b and 46.
23
Let g be (-98)/3*(2 + 28/(-8)). Suppose -3*s - 10*c + 23 = -11*c, g = 4*s - 5*c. What is the greatest common divisor of s and 75?
3
Let m(y) = -7*y**2 - 14*y**2 + 7*y**2 + 14*y - 2 + y**3. Let a be m(13). Let c be (3 - a/4) + 318/8. Calculate the highest common factor of 8 and c.
8
Let g(i) = -i**3 - 2*i**2 + 57*i + 1103. Let y be g(-12). Calculate the highest common divisor of 1183 and y.
169
Let a(l) = -4252*l - 500. Let w be a(-6). What is the highest common divisor of w and 52?
52
Let w = 7240 